 1. Let g(t) = -t**2 + 6*t - 3. Let i(b) = -g(b) + 2*y(b). Give i(-4).
1
Let b = -4 - -2. Let n(s) be the first derivative of -7*s**5/120 - s**4/24 + 13*s**3/3 + 11. Let l(j) be the third derivative of n(j). Calculate l(b).
13
Suppose -3*r = -4*w + 3 - 17, -3*w - 2 = 2*r. Suppose -2*n - r*n = -20. Let h(q) = -q - 5*q**2 - 575*q**3 - q - 1 + 576*q**3. Give h(n).
-11
Let z(s) be the second derivative of s**5/20 + 2*s**4/3 + s**3 + 7*s**2/2 + 102*s. Give z(-8).
-41
Let q(x) = 16*x**2 + 3*x**3 + 7*x + 9*x - 13 - 19*x**2 - 4*x**3 - 13*x**2. What is q(-17)?
4
Let f(q) = 4 - 164*q**2 - q - 9*q + 3 - 4*q + 163*q**2. What is f(-14)?
7
Let v = -1 - -3. Let m(c) = c**2 - c. Let a = -25 + 23. Let q(p) = 5*p**2 - 4*p - 1. Let h(f) = a*q(f) + 11*m(f). Determine h(v).
0
Let t(s) = -s**2 + s - 1. Let g be 240/8*(-28)/(-10). Suppose -z - 2*z = g. Let b = 25 + z. Determine t(b).
-13
Suppose -3*w + 2*z = -4, -z - 1 + 4 = w. Let d(r) be the third derivative of r**4/24 - r**3/3 - 2*r**2. What is d(w)?
0
Let s(m) = -m. Let v(h) = 10*h + 5. Let i(p) = -5*s(p) - v(p). Determine i(-2).
5
Let o(w) = 8*w + 3. Let m(r) = 23*r + 4. Let f(u) = -3*m(u) + 8*o(u). What is f(10)?
-38
Suppose 215 = -3*c - w, -c - 55 + 10 = -5*w. Let g be (2/(-5))/(14/c). Let h(x) = 20*x**g - 7*x + x**3 - 15*x**2 + 0*x**3 - 1. Calculate h(-6).
5
Let x(g) = -3*g**2 + 4*g - 3. Let q be 4 - 4 - (-280)/(-5). Let k = q + 59. What is x(k)?
-18
Let p(n) = -10*n**2 + 2*n + 2. Suppose -24*f + 80*f = 112. Determine p(f).
-34
Let s(g) = -g**2 - 2*g + 8. Let h = -222 + 215. Determine s(h).
-27
Let c(n) be the second derivative of n**4/12 + n**3 + n**2/2 + 44*n. Let l(o) = -3*o + 4. Let b be l(3). Give c(b).
-4
Let n = 82 - 105. Let y(u) = -u**2 - 22*u + 26. Determine y(n).
3
Let t(w) = -8*w**3 - 2*w**2 + 2*w. Let n be t(-2). Let o be ((-26)/n)/(1*1/(-4)). Let y(a) = 3*a + 1. Give y(o).
7
Let t(b) = -170 + 325 - 161 + 5*b. What is t(5)?
19
Let t(g) be the third derivative of -g**6/120 - 7*g**5/60 - 5*g**4/12 - 7*g**3/3 + 95*g**2. Determine t(-6).
10
Let h(x) = 5 + 1 - 4*x - 4 - 3 + 5*x**2 + x**2 - x**3. Give h(4).
15
Let s(n) = n**3 + 3*n**2 - 4*n - 3. Let c be 542/(-14) + (15/21 - 1). Let g = -41 - c. Determine s(g).
9
Let h(b) = 2*b**2 + 35*b + 61. Let q be h(-15). Let d(j) = -j**2 - 11*j + 31. What is d(q)?
-11
Let f(r) = 2*r + 9. Let w(t) = t**3 - 12*t**2 + 7*t + 5. Let q be w(9). Let l = q + 167. Calculate f(l).
-7
Suppose 16*j = 4*j + 36. Let z(h) = -2*h**2 + 4*h. Calculate z(j).
-6
Let n(x) = -3*x**2 - 112*x - 40. Let d be n(-37). Let m(v) = -v**3 - 4*v**2 - 3*v - 1. Calculate m(d).
-1
Let z(h) be the third derivative of h**4/6 - 2*h**3/3 - 3*h**2. Suppose k - 8 = -2*p, -3*k + p + 4 = 3*p. Let r be k/13 - (-270)/65. Give z(r).
12
Let a(g) = g**3 + 4*g**2 - 6*g - 10. Suppose 2*t - 10 = 4*t. Let b be a(t). Let q(m) = 1 + 4 - m**2 - 2 - 3*m. Calculate q(b).
-7
Let z(r) = -7*r + 6. Let c(q) = -q + 2. Let h(t) = 6*c(t) - z(t). Let x(k) = -5. Let a(m) = 4*h(m) + 5*x(m). Calculate a(-5).
-21
Suppose 4*n + q = -28, 2*q + 10 = n - 2*q. Suppose -6*f + 3 = -3*f. Let x(p) = 3 + 2 + p + f + 1. Determine x(n).
1
Let i = -25 + 27. Let k(x) = -x**3 - x - 8*x**i - 5*x - 3 + 0*x**2. What is k(-7)?
-10
Let k(v) = -v + 5. Suppose -180 + 164 = -2*u. What is k(u)?
-3
Let i(b) be the third derivative of b**6/120 - 2*b**5/15 + 5*b**4/12 - 2*b**3 + 34*b**2 + 4. Determine i(7).
9
Let s(v) = 12*v - 1. Suppose 0*z = 2*z - y - 6, -4*z = 5*y - 26. Determine s(z).
47
Let m(h) = h**2 + 4*h + 6. Suppose -3*s + 5*s - 2 = 0. Let n be (s + 14)*1/3. Suppose 5*v - 10 = 2*p + 23, 0 = n*p + v + 15. Calculate m(p).
6
Let i(a) = 0 + 4 + 5*a**2 - 6*a + a**3 - 2*a - 10. What is i(-6)?
6
Let l(i) = -i**3 - 4*i**2 - 3*i. Let v be -7 - (-2)/((-8)/(-12)). Let z be l(v). Suppose -5*n = z + 8. Let m(u) = u**2 + 5*u - 2. Determine m(n).
-6
Let s be ((-3)/6)/(1/36). Let l be (16/(-6))/(12/s). Let t(a) = a**3 - 3*a**2 - 2*a + 2. Give t(l).
10
Suppose 0 = 5*w + 7*b - 6*b - 44, -b + 26 = 3*w. Let u(m) = -18 - 30*m**2 + 4 + 15*m**2 + w*m + 16*m**2. Determine u(-10).
-4
Let h(p) = p**2 + 9*p - 12. Let y(l) = 9*l - 2*l**2 + l**2 + 5*l - 2 - 22. Let n be y(13). Determine h(n).
10
Let d = -648 + 651. Let k(m) = -2*m**2 + 6*m - 6. Determine k(d).
-6
Let k be 5*1/(-2)*6. Let t = k - -14. Let z(f) be the third derivative of -f**5/15 + f**4/24 + f**3/6 - 2*f**2. What is z(t)?
-4
Let b(t) = -t**2 + 8*t - 6. Let m(k) = 4*k**2 - 3*k - 21. Let s be m(3). Determine b(s).
6
Let v(s) be the first derivative of 2*s**2 - 3*s - 34. What is v(2)?
5
Let k be (371/(-35) - -11)*(-40)/2. Let r(x) = -x**3 - 8*x**2 - 3*x + 9. Give r(k).
33
Let m(n) be the first derivative of 1/2*n**2 + 0*n**3 + 1/4*n**4 + n + 38. Determine m(-1).
-1
Let v(d) = d**2 - 4*d - 19. Let c be v(7). Let s = 2 - c. Let l(i) = i + 3. What is l(s)?
3
Let v = 3 + 2. Let f = -72 - -61. Let k(m) = m**2 + 5*m - 6. Let h(g) = 6*g**2 + 25*g - 31. Let q(p) = f*k(p) + 2*h(p). What is q(v)?
4
Let a(o) be the second derivative of -o**3/6 + 3*o**2/2 + o. Let c = 38 + 16. Let l be (18/c)/((-2)/(-18)). Calculate a(l).
0
Let n(f) = -3 + 7*f**2 + 13*f**2 - 3*f - 14*f**2 + f**3. Let w(m) = m**3 + m - 6. Let s be w(0). Calculate n(s).
15
Suppose -5*z + 2*k + 6 = k, -5*k = 5*z - 30. Suppose 1 = -z*r - 7. Let l(a) be the second derivative of -a**3/3 - 5*a**2/2 - a. What is l(r)?
3
Let c(a) be the second derivative of 27*a + 0 - 2/3*a**3 - 2*a**2. Calculate c(-4).
12
Let w(l) be the first derivative of -l**7/840 - l**6/360 - l**5/120 - l**4/24 + 2*l**3/3 - 11. Let r(v) be the third derivative of w(v). Determine r(0).
-1
Let a(i) = 2*i + 23. Let v(z) = z + 22. Let f(g) = -3*a(g) + 4*v(g). Calculate f(9).
1
Let z(t) be the second derivative of -t**4/12 - 3*t**3/2 - 9*t**2/2 - 2*t - 32. Determine z(-9).
-9
Let w(h) = 5*h - 4. Let s(k) = 10*k - 8. Let l(y) = -3*s(y) + 7*w(y). Calculate l(4).
16
Let p(w) = w + 7. Let t be p(-4). Let h(z) = -6*z**2 - 24 + 2*z - 6*z + 2*z**2 + 22 - z**t. Suppose -6 = 4*x + 2. What is h(x)?
-2
Let u(l) = 4*l - 198 + l**2 - 194 + 398. Let q = -12 - -7. Determine u(q).
11
Let t(y) be the first derivative of y**5/60 - y**4/24 - 3*y**3 + 14. Let b(o) be the third derivative of t(o). Give b(-3).
-7
Let o(a) = a - 6. Let f(r) = r - 7. Let h(d) = 4*f(d) - 3*o(d). What is h(10)?
0
Let j be ((-10)/(-4))/((-490)/(-1568)). Let x(n) = -n**3 + 7*n**2 + 5*n + 10. What is x(j)?
-14
Let u(n) be the first derivative of -1/3*n**3 + 5/2*n**2 + 3*n + 20. Calculate u(6).
-3
Let w(f) be the second derivative of -1/12*f**4 + 0 + 4*f**2 - 7/6*f**3 + 46*f. What is w(-8)?
0
Let k(l) = l**3 + 6*l**2 + 1. Let g be k(-6). Let j(z) = -1 - 1 + g - 4*z + z. Give j(3).
-10
Suppose 19 = 5*q - 2*z, 0*q = 3*q - 3*z - 15. Suppose 0 = -5*y - q*f + 18, -5 + 4 = -y + 2*f. Let a(n) = 8*n**2 + 8 - 6*n**3 - 2*n**y + 7*n**3 - 6*n. Give a(7).
15
Let r be ((-2)/(20/(-14)))/((-2)/10). Let c(s) = 9 + 193*s**3 - 3*s**2 + 1 - 192*s**3 + 10*s**2 + 3*s. What is c(r)?
-11
Suppose -4*l = -6*m + 7*m, 2*l = -m + 2. Let a(r) be the first derivative of -1/4*r**m - 5 + 1/2*r**2 + 1/3*r**3 - r. Determine a(1).
0
Suppose -110 = 40*g - 18*g. Let j(b) = -b - 11. What is j(g)?
-6
Let j be 2/(-12) + 345/(-18)*-1. Let n(z) = 3*z - 60. What is n(j)?
-3
Let x(f) be the first derivative of -f**4/24 - f**3/2 + 6*f**2 - 2. Let w(t) be the second derivative of x(t). What is w(3)?
-6
Let r(x) = x**2 + 7*x + 7. Let v be (16/32)/((-2)/(-144)*1). Suppose -2*l - 2*l = 4*u + v, 3*l = -5*u - 31. Determine r(l).
7
Let i(m) be the second derivative of -m**4/12 - 3*m**3/2 - 7*m**2 + 71*m. Give i(-8).
-6
Let w(s) = s**3 + 3*s**2 + 3*s + 6. Suppose 5*p = 3 + 2, 19 = -5*l - p. What is w(l)?
-22
Let t(r) = -5*r**3 + 6*r + 3*r**3 - 6*r. Let p be t(-1). Let j(b) be the third derivative of -b**5/60 + b**4/12 + b**3/3 - 3*b**2 - 1. What is j(p)?
2
Let b(o) = -o**3 + 8 + 0*o**3 - 8 + 6 - 8*o + 7*o**2. Calculate b(6).
-6
Let u(g) = 28*g + 14*g + 1 + 4*g**2 - 39*g - 3*g**2. Let c = -1 + 2. Let q be (3 + c)*(-6)/8. What is u(q)?
1
Suppose 0 = -5*c + 31 + 24. Let x = c - 8. Let t(i) = -4*i**3 + 4*i**2 - i + 1. Let d(f) = 9*f**3 - 8*f**2 + 2*f - 3. Let n(k) = -3*d(k) - 7*t(k). What is n(x)?
-4
Let h(o) = 2*o**3 - 15*o**2 + 13*o + 9. Let q(m) = m**2 + m**3 + 5 + 5*m + 0*m**2 + m - 8*m**2. Let